 number?
False
Is 454339 a composite number?
True
Is 26519209 composite?
False
Is 2035159 a composite number?
True
Is 1868947 a prime number?
True
Is 2688137 composite?
False
Is 3712871 prime?
True
Is 250801151 prime?
True
Is 1911641 a composite number?
False
Is 57983899 a composite number?
False
Is 269593 a prime number?
False
Is 50471103 a prime number?
False
Is 355052569 composite?
True
Is 12448066 prime?
False
Is 186220733 a prime number?
True
Is 53698751 a prime number?
True
Is 89167181 a prime number?
True
Is 102075319 prime?
True
Is 975493 prime?
True
Is 5032189 composite?
False
Is 555063 prime?
False
Is 17774903 prime?
False
Is 94703803 a prime number?
False
Is 49612799 prime?
False
Is 531268373 a prime number?
False
Is 62512507 a prime number?
False
Is 51548671 a prime number?
False
Is 1960867 a prime number?
True
Is 588219 a composite number?
True
Is 70588369 composite?
True
Is 3868277 composite?
True
Is 1117877 prime?
True
Is 206149169 composite?
False
Is 2276669 composite?
False
Is 1817857 a prime number?
False
Is 4084391 composite?
False
Is 3056561 a composite number?
False
Is 170776139 a composite number?
False
Is 939971 composite?
False
Is 2722173 a prime number?
False
Is 514088819 composite?
False
Is 56401207 a composite number?
False
Is 8108267 prime?
False
Is 61914989 a composite number?
False
Is 2074199 prime?
True
Is 17499427 composite?
True
Is 45604743 a composite number?
True
Is 4607377 a prime number?
True
Is 7490927 composite?
False
Is 2860477 a prime number?
True
Is 1806217 a composite number?
True
Is 1603957 a prime number?
True
Is 1301059 prime?
False
Is 6646511 composite?
False
Is 42186857 prime?
True
Is 1631611 a composite number?
False
Is 22831147 a composite number?
True
Is 79089655 composite?
True
Is 52730843 prime?
False
Is 3178663 composite?
True
Is 5251409 a composite number?
False
Is 582041 composite?
True
Is 1425953 composite?
False
Is 4006235 composite?
True
Is 30476261 composite?
False
Is 17758397 a prime number?
True
Is 254542667 prime?
True
Is 18785131 a composite number?
True
Is 1858646 a prime number?
False
Is 100613719 a prime number?
False
Is 174442623 composite?
True
Is 210158321 a prime number?
False
Is 5280545 prime?
False
Is 2730771227 a composite number?
False
Is 4877473 a prime number?
False
Is 3135829 a composite number?
True
Is 57433037 prime?
True
Is 32818349 a composite number?
False
Is 966961 a composite number?
False
Is 91352693 composite?
False
Is 109933463 prime?
False
Is 271150177 composite?
False
Is 24104059 composite?
True
Is 2346737 a composite number?
True
Is 86693757 prime?
False
Is 13367 composite?
False
Is 675923321 a composite number?
True
Is 42380837 prime?
True
Is 487589 a composite number?
False
Is 1414831 prime?
False
Is 225683 a prime number?
True
Is 221821 prime?
False
Is 8343901 composite?
True
Is 4197601 a prime number?
True
Is 337327 composite?
False
Is 356581 a prime number?
False
Is 1307353867 a composite number?
False
Is 12233735 a prime number?
False
Is 248177249 composite?
True
Is 1047099653 prime?
True
Is 8274993 a composite number?
True
Is 31836551 a prime number?
True
Is 627973391 prime?
True
Is 3142241 a composite number?
True
Is 1385581 a prime number?
False
Is 10375385 a prime number?
False
Is 1070097601 a prime number?
True
Is 26621431 a prime number?
False
Is 497069 a prime number?
True
Is 201940891 a composite number?
True
Is 150317 prime?
False
Is 114823409 prime?
False
Is 20045543 a prime number?
False
Is 187656871 a prime number?
True
Is 3563779 a prime number?
True
Is 2812051 a prime number?
False
Is 42775487 a composite number?
False
Is 28395649 prime?
True
Is 53279731 a composite number?
True
Is 3564367 prime?
False
Is 6042263 composite?
False
Is 5091797 prime?
True
Is 754003 composite?
False
Is 5390963 a prime number?
False
Is 114154231 prime?
True
Is 25775261 a composite number?
False
Is 26207719 a composite number?
False
Is 9428089 a prime number?
False
Is 60853573 a prime number?
False
Is 8552737 prime?
True
Is 28849451 composite?
True
Is 8562193 composite?
False
Is 5459497 composite?
False
Is 267900541 a composite number?
False
Is 7010317 prime?
True
Is 3169151 prime?
False
Is 36722813 a prime number?
True
Is 642049519 a composite number?
False
Is 1395197233 prime?
True
Is 1694321 a prime number?
False
Is 9590099 a composite number?
True
Is 753227 prime?
False
Is 43492058 prime?
False
Is 59336687 a composite number?
True
Is 17766929 a prime number?
True
Is 3769973 prime?
True
Is 33972899 prime?
False
Is 775001 a prime number?
False
Is 470857 a prime number?
False
Is 9992071 a prime number?
False
Is 273257717 composite?
False
Is 55521681 a prime number?
False
Is 9886971 a prime number?
False
Is 543098707 composite?
False
Is 22374269 a composite number?
False
Is 13761607 prime?
True
Is 6944851 prime?
True
Is 104668793 a composite number?
False
Is 3271321 composite?
False
Is 8521463 prime?
False
Is 41757141 prime?
False
Is 55927033 prime?
False
Is 29629 a composite number?
False
Is 1313695 prime?
False
Is 973144355 a composite number?
True
Is 157224523 a prime number?
True
Is 239831 prime?
True
Is 433444603 prime?
False
Is 61718149 a prime number?
False
Is 26176643 composite?
False
Is 3153187 composite?
True
Is 1741279 a composite number?
True
Is 1223797 composite?
True
Is 6340361 prime?
True
Is 17037751 prime?
False
Is 1351019 composite?
False
Is 6945353 a composite number?
True
Is 12211397 a prime number?
False
Is 287995129 a composite number?
True
Is 20516609 prime?
True
Is 40502279 prime?
False
Is 11630459 a prime number?
False
Is 696099949 prime?
False
Is 16553879 composite?
False
Is 219043933 composite?
False
Is 3479419 composite?
True
Is 31456121 a composite number?
False
Is 427873961 composite?
False
Is 1061687 a prime number?
False
Is 32795027 a prime number?
False
Is 37622177 a prime number?
False
Is 7334107 composite?
True
Is 205391 composite?
False
Is 1421963 a prime number?
True
Is 198052351 composite?
True
Is 211243 a prime number?
False
Is 48794819 composite?
False
Is 854899 prime?
True
Is 13141039 composite?
False
Is 12123589 a composite number?
False
Is 128586823 composite?
True
Is 69472069 prime?
True
Is 9241457 prime?
True
Is 1204249 a composite number?
True
Is 6891761 a composite number?
True
Is 18149933 a composite number?
False
Is 273318211 composite?
True
Is 647831339 a prime number?
True
Is 621119 composite?
True
Is 1119269 a prime number?
True
Is 25916213 composite?
False
Is 47859349 prime?
True
Is 793495 composite?
True
Is 13800715 a composite number?
True
Is 24309737 a composite number?
False
Is 87762557 composite?
True
Is 13894927 prime?
True
Is 16403785 composite?
True
Is 9807445 a composite number?
True
Is 173192402 composite?
True
Is 71581 a prime number?
False
Is 3062519 composite?
True
Is 29800657 a composite number?
False
Is 395891 a prime number?
True
Is 6917029 composite?
True
Is 685297 composite?
False
Is 21487153 a prime number?
True
Is 81813709 composite?
True
Is 96706061 a prime number?
True
Is 32649257 a prime number?
False
Is 33221 a composite number?
True
Is 4146323 a composite number?
False
Is 15707893 composite?
False
Is 209938441 prime?
False
Is 44162089 composite?
True
Is 6182819 a composite number?
False
Is 11610457 a prime number?
False
Is 5789387 a composite number?
True
Is 8009747 a prime number?
True
Is 295588921 a composite number?
True
Is 4914001 a composite number?
True
Is 3324901 a prime number?
False
Is 2360213 prime?
False
Is 4993309 a composite number?
True
Is 41169421 composite?
True
Is 312454879 a composite number?
True
Is 116039059 composite?
True
Is 3251329 a prime number?
False
Is 13697569 composite?
True
Is 2305561 composite?
True
Is 1241771 prime?
True
Is 99427333 a composite number?
True
Is 12135241 a prime number?
False
Is 435666589 a prime number?
True
Is 179399761 composite?
True
Is 1068799 a composite number?
True
Is 69117299 a prime number?
True
Is 4589009 a composite number?
True
Is 158166065 a prime number?
False
Is 211211443 composite?
False
Is 1462927 a prime number?
True
Is 4162799 a prime number?
False
Is 42121643 a composite number?
False
Is 19019731 composite?
True
Is 115960993 prime?
True
Is 179293171 prime?
True
Is 31540669 a composite number?
False
Is 7788307 